{"id":18727,"date":"2025-09-30T15:46:27","date_gmt":"2025-09-30T13:46:27","guid":{"rendered":"https:\/\/www.arteartesania.com\/producto\/cuenco-de-piel-blanco-con-borde-naranja-autor-jose-luis-bazan\/"},"modified":"2025-09-30T16:21:54","modified_gmt":"2025-09-30T14:21:54","slug":"cuenco-de-piel-blanco-con-borde-naranja-autor-jose-luis-bazan","status":"publish","type":"product","link":"https:\/\/www.arteartesania.com\/de\/producto\/cuenco-de-piel-blanco-con-borde-naranja-autor-jose-luis-bazan\/","title":{"rendered":"Wei\u00dfe Lederschale mit orangefarbenem Rand. Autor: Jos\u00e9 Luis Baz\u00e1n"},"content":{"rendered":"<p>Material: Leder<\/p>\n<p>Abmessungen: 22 cm<\/p>\n<p>Autor: Jos\u00e9 Luis Baz\u00e1n<\/p>\n","protected":false},"excerpt":{"rendered":"<p>Material: Leder Abmessungen: 22 cm Autor: Jos\u00e9 Luis Baz\u00e1n<\/p>\n","protected":false},"featured_media":18696,"comment_status":"closed","ping_status":"closed","template":"","meta":{"_acf_changed":false,"inline_featured_image":false},"product_cat":[223,261,799,740,252],"product_tag":[800,350,955,956,957],"class_list":{"0":"post-18727","1":"product","2":"type-product","3":"status-publish","4":"has-post-thumbnail","6":"product_cat-jose-luis-bazan-de","7":"product_cat-keine-kategorie","8":"product_cat-cuero-de","9":"product_cat-leder","10":"product_cat-objekte","11":"product_tag-carlostellechea-arteartesania-confinamiento-de","12":"product_tag-carlostellechea-soller-mallorca-joyeria-arteartesania-de","13":"product_tag-artertesania-de","14":"product_tag-cuenco-de-cuero-de","15":"product_tag-jose-luis-bazan-de","17":"first","18":"instock","19":"shipping-taxable","20":"purchasable","21":"product-type-variable"},"acf":[],"yoast_head":"<!-- This site is optimized with the Yoast SEO plugin v23.6 - https:\/\/yoast.com\/wordpress\/plugins\/seo\/ -->\n<title>Wei\u00dfe Lederschale mit orangefarbenem Rand. Autor: Jos\u00e9 Luis Baz\u00e1n - Arteartesania<\/title>\n<meta name=\"robots\" content=\"index, follow, max-snippet:-1, max-image-preview:large, max-video-preview:-1\" \/>\n<link rel=\"canonical\" href=\"https:\/\/www.arteartesania.com\/de\/producto\/cuenco-de-piel-blanco-con-borde-naranja-autor-jose-luis-bazan\/\" \/>\n<meta property=\"og:locale\" content=\"de_DE\" \/>\n<meta property=\"og:type\" content=\"article\" \/>\n<meta property=\"og:title\" content=\"Wei\u00dfe Lederschale mit orangefarbenem Rand. Autor: Jos\u00e9 Luis Baz\u00e1n - Arteartesania\" \/>\n<meta property=\"og:description\" content=\"Material: Leder Abmessungen: 22 cm Autor: Jos\u00e9 Luis Baz\u00e1n\" \/>\n<meta property=\"og:url\" content=\"https:\/\/www.arteartesania.com\/de\/producto\/cuenco-de-piel-blanco-con-borde-naranja-autor-jose-luis-bazan\/\" \/>\n<meta property=\"og:site_name\" content=\"Arteartesania\" \/>\n<meta property=\"article:modified_time\" content=\"2025-09-30T14:21:54+00:00\" \/>\n<meta property=\"og:image\" content=\"https:\/\/www.arteartesania.com\/wp-content\/uploads\/2020\/07\/IMG_3448-scaled.jpeg\" \/>\n\t<meta property=\"og:image:width\" content=\"2560\" \/>\n\t<meta property=\"og:image:height\" content=\"2560\" \/>\n\t<meta property=\"og:image:type\" content=\"image\/jpeg\" \/>\n<meta name=\"twitter:card\" content=\"summary_large_image\" \/>\n<meta name=\"twitter:label1\" content=\"Gesch\u00e4tzte Lesezeit\" \/>\n\t<meta name=\"twitter:data1\" content=\"1\u00a0Minute\" \/>\n<script type=\"application\/ld+json\" class=\"yoast-schema-graph\">{\"@context\":\"https:\/\/schema.org\",\"@graph\":[{\"@type\":\"WebPage\",\"@id\":\"https:\/\/www.arteartesania.com\/de\/producto\/cuenco-de-piel-blanco-con-borde-naranja-autor-jose-luis-bazan\/\",\"url\":\"https:\/\/www.arteartesania.com\/de\/producto\/cuenco-de-piel-blanco-con-borde-naranja-autor-jose-luis-bazan\/\",\"name\":\"Wei\u00dfe Lederschale mit orangefarbenem Rand. Autor: Jos\u00e9 Luis Baz\u00e1n - Arteartesania\",\"isPartOf\":{\"@id\":\"https:\/\/www.arteartesania.com\/de\/#website\"},\"primaryImageOfPage\":{\"@id\":\"https:\/\/www.arteartesania.com\/de\/producto\/cuenco-de-piel-blanco-con-borde-naranja-autor-jose-luis-bazan\/#primaryimage\"},\"image\":{\"@id\":\"https:\/\/www.arteartesania.com\/de\/producto\/cuenco-de-piel-blanco-con-borde-naranja-autor-jose-luis-bazan\/#primaryimage\"},\"thumbnailUrl\":\"https:\/\/www.arteartesania.com\/wp-content\/uploads\/2020\/07\/IMG_3448-scaled.jpeg\",\"datePublished\":\"2025-09-30T13:46:27+00:00\",\"dateModified\":\"2025-09-30T14:21:54+00:00\",\"breadcrumb\":{\"@id\":\"https:\/\/www.arteartesania.com\/de\/producto\/cuenco-de-piel-blanco-con-borde-naranja-autor-jose-luis-bazan\/#breadcrumb\"},\"inLanguage\":\"de\",\"potentialAction\":[{\"@type\":\"ReadAction\",\"target\":[\"https:\/\/www.arteartesania.com\/de\/producto\/cuenco-de-piel-blanco-con-borde-naranja-autor-jose-luis-bazan\/\"]}]},{\"@type\":\"ImageObject\",\"inLanguage\":\"de\",\"@id\":\"https:\/\/www.arteartesania.com\/de\/producto\/cuenco-de-piel-blanco-con-borde-naranja-autor-jose-luis-bazan\/#primaryimage\",\"url\":\"https:\/\/www.arteartesania.com\/wp-content\/uploads\/2020\/07\/IMG_3448-scaled.jpeg\",\"contentUrl\":\"https:\/\/www.arteartesania.com\/wp-content\/uploads\/2020\/07\/IMG_3448-scaled.jpeg\",\"width\":2560,\"height\":2560,\"caption\":\"CUENCOS CUERO PEPE\"},{\"@type\":\"BreadcrumbList\",\"@id\":\"https:\/\/www.arteartesania.com\/de\/producto\/cuenco-de-piel-blanco-con-borde-naranja-autor-jose-luis-bazan\/#breadcrumb\",\"itemListElement\":[{\"@type\":\"ListItem\",\"position\":1,\"name\":\"Portada\",\"item\":\"https:\/\/www.arteartesania.com\/de\/\"},{\"@type\":\"ListItem\",\"position\":2,\"name\":\"Shop online\",\"item\":\"https:\/\/www.arteartesania.com\/de\/online-bastelladen\/\"},{\"@type\":\"ListItem\",\"position\":3,\"name\":\"Wei\u00dfe Lederschale mit orangefarbenem Rand. Autor: Jos\u00e9 Luis Baz\u00e1n\"}]},{\"@type\":\"WebSite\",\"@id\":\"https:\/\/www.arteartesania.com\/de\/#website\",\"url\":\"https:\/\/www.arteartesania.com\/de\/\",\"name\":\"Arteartesania\",\"description\":\"Original selecci\u00f3n de Artesan\u00eda Contempor\u00e1nea de Autor\",\"publisher\":{\"@id\":\"https:\/\/www.arteartesania.com\/de\/#organization\"},\"potentialAction\":[{\"@type\":\"SearchAction\",\"target\":{\"@type\":\"EntryPoint\",\"urlTemplate\":\"https:\/\/www.arteartesania.com\/de\/?s={search_term_string}\"},\"query-input\":{\"@type\":\"PropertyValueSpecification\",\"valueRequired\":true,\"valueName\":\"search_term_string\"}}],\"inLanguage\":\"de\"},{\"@type\":\"Organization\",\"@id\":\"https:\/\/www.arteartesania.com\/de\/#organization\",\"name\":\"Arteartesania\",\"url\":\"https:\/\/www.arteartesania.com\/de\/\",\"logo\":{\"@type\":\"ImageObject\",\"inLanguage\":\"de\",\"@id\":\"https:\/\/www.arteartesania.com\/de\/#\/schema\/logo\/image\/\",\"url\":\"https:\/\/www.arteartesania.com\/wp-content\/uploads\/2019\/12\/cropped-logofooter.png\",\"contentUrl\":\"https:\/\/www.arteartesania.com\/wp-content\/uploads\/2019\/12\/cropped-logofooter.png\",\"width\":539,\"height\":58,\"caption\":\"Arteartesania\"},\"image\":{\"@id\":\"https:\/\/www.arteartesania.com\/de\/#\/schema\/logo\/image\/\"}}]}<\/script>\n<!-- \/ Yoast SEO plugin. -->","yoast_head_json":{"title":"Wei\u00dfe Lederschale mit orangefarbenem Rand. Autor: Jos\u00e9 Luis Baz\u00e1n - Arteartesania","robots":{"index":"index","follow":"follow","max-snippet":"max-snippet:-1","max-image-preview":"max-image-preview:large","max-video-preview":"max-video-preview:-1"},"canonical":"https:\/\/www.arteartesania.com\/de\/producto\/cuenco-de-piel-blanco-con-borde-naranja-autor-jose-luis-bazan\/","og_locale":"de_DE","og_type":"article","og_title":"Wei\u00dfe Lederschale mit orangefarbenem Rand. Autor: Jos\u00e9 Luis Baz\u00e1n - Arteartesania","og_description":"Material: Leder Abmessungen: 22 cm Autor: Jos\u00e9 Luis Baz\u00e1n","og_url":"https:\/\/www.arteartesania.com\/de\/producto\/cuenco-de-piel-blanco-con-borde-naranja-autor-jose-luis-bazan\/","og_site_name":"Arteartesania","article_modified_time":"2025-09-30T14:21:54+00:00","og_image":[{"width":2560,"height":2560,"url":"https:\/\/www.arteartesania.com\/wp-content\/uploads\/2020\/07\/IMG_3448-scaled.jpeg","type":"image\/jpeg"}],"twitter_card":"summary_large_image","twitter_misc":{"Gesch\u00e4tzte Lesezeit":"1\u00a0Minute"},"schema":{"@context":"https:\/\/schema.org","@graph":[{"@type":"WebPage","@id":"https:\/\/www.arteartesania.com\/de\/producto\/cuenco-de-piel-blanco-con-borde-naranja-autor-jose-luis-bazan\/","url":"https:\/\/www.arteartesania.com\/de\/producto\/cuenco-de-piel-blanco-con-borde-naranja-autor-jose-luis-bazan\/","name":"Wei\u00dfe Lederschale mit orangefarbenem Rand. Autor: Jos\u00e9 Luis Baz\u00e1n - Arteartesania","isPartOf":{"@id":"https:\/\/www.arteartesania.com\/de\/#website"},"primaryImageOfPage":{"@id":"https:\/\/www.arteartesania.com\/de\/producto\/cuenco-de-piel-blanco-con-borde-naranja-autor-jose-luis-bazan\/#primaryimage"},"image":{"@id":"https:\/\/www.arteartesania.com\/de\/producto\/cuenco-de-piel-blanco-con-borde-naranja-autor-jose-luis-bazan\/#primaryimage"},"thumbnailUrl":"https:\/\/www.arteartesania.com\/wp-content\/uploads\/2020\/07\/IMG_3448-scaled.jpeg","datePublished":"2025-09-30T13:46:27+00:00","dateModified":"2025-09-30T14:21:54+00:00","breadcrumb":{"@id":"https:\/\/www.arteartesania.com\/de\/producto\/cuenco-de-piel-blanco-con-borde-naranja-autor-jose-luis-bazan\/#breadcrumb"},"inLanguage":"de","potentialAction":[{"@type":"ReadAction","target":["https:\/\/www.arteartesania.com\/de\/producto\/cuenco-de-piel-blanco-con-borde-naranja-autor-jose-luis-bazan\/"]}]},{"@type":"ImageObject","inLanguage":"de","@id":"https:\/\/www.arteartesania.com\/de\/producto\/cuenco-de-piel-blanco-con-borde-naranja-autor-jose-luis-bazan\/#primaryimage","url":"https:\/\/www.arteartesania.com\/wp-content\/uploads\/2020\/07\/IMG_3448-scaled.jpeg","contentUrl":"https:\/\/www.arteartesania.com\/wp-content\/uploads\/2020\/07\/IMG_3448-scaled.jpeg","width":2560,"height":2560,"caption":"CUENCOS CUERO PEPE"},{"@type":"BreadcrumbList","@id":"https:\/\/www.arteartesania.com\/de\/producto\/cuenco-de-piel-blanco-con-borde-naranja-autor-jose-luis-bazan\/#breadcrumb","itemListElement":[{"@type":"ListItem","position":1,"name":"Portada","item":"https:\/\/www.arteartesania.com\/de\/"},{"@type":"ListItem","position":2,"name":"Shop online","item":"https:\/\/www.arteartesania.com\/de\/online-bastelladen\/"},{"@type":"ListItem","position":3,"name":"Wei\u00dfe Lederschale mit orangefarbenem Rand. Autor: Jos\u00e9 Luis Baz\u00e1n"}]},{"@type":"WebSite","@id":"https:\/\/www.arteartesania.com\/de\/#website","url":"https:\/\/www.arteartesania.com\/de\/","name":"Arteartesania","description":"Original selecci\u00f3n de Artesan\u00eda Contempor\u00e1nea de Autor","publisher":{"@id":"https:\/\/www.arteartesania.com\/de\/#organization"},"potentialAction":[{"@type":"SearchAction","target":{"@type":"EntryPoint","urlTemplate":"https:\/\/www.arteartesania.com\/de\/?s={search_term_string}"},"query-input":{"@type":"PropertyValueSpecification","valueRequired":true,"valueName":"search_term_string"}}],"inLanguage":"de"},{"@type":"Organization","@id":"https:\/\/www.arteartesania.com\/de\/#organization","name":"Arteartesania","url":"https:\/\/www.arteartesania.com\/de\/","logo":{"@type":"ImageObject","inLanguage":"de","@id":"https:\/\/www.arteartesania.com\/de\/#\/schema\/logo\/image\/","url":"https:\/\/www.arteartesania.com\/wp-content\/uploads\/2019\/12\/cropped-logofooter.png","contentUrl":"https:\/\/www.arteartesania.com\/wp-content\/uploads\/2019\/12\/cropped-logofooter.png","width":539,"height":58,"caption":"Arteartesania"},"image":{"@id":"https:\/\/www.arteartesania.com\/de\/#\/schema\/logo\/image\/"}}]}},"_links":{"self":[{"href":"https:\/\/www.arteartesania.com\/de\/wp-json\/wp\/v2\/product\/18727"}],"collection":[{"href":"https:\/\/www.arteartesania.com\/de\/wp-json\/wp\/v2\/product"}],"about":[{"href":"https:\/\/www.arteartesania.com\/de\/wp-json\/wp\/v2\/types\/product"}],"replies":[{"embeddable":true,"href":"https:\/\/www.arteartesania.com\/de\/wp-json\/wp\/v2\/comments?post=18727"}],"wp:featuredmedia":[{"embeddable":true,"href":"https:\/\/www.arteartesania.com\/de\/wp-json\/wp\/v2\/media\/18696"}],"wp:attachment":[{"href":"https:\/\/www.arteartesania.com\/de\/wp-json\/wp\/v2\/media?parent=18727"}],"wp:term":[{"taxonomy":"product_cat","embeddable":true,"href":"https:\/\/www.arteartesania.com\/de\/wp-json\/wp\/v2\/product_cat?post=18727"},{"taxonomy":"product_tag","embeddable":true,"href":"https:\/\/www.arteartesania.com\/de\/wp-json\/wp\/v2\/product_tag?post=18727"}],"curies":[{"name":"wp","href":"https:\/\/api.w.org\/{rel}","templated":true}]}}

Weiße Lederschale mit orangefarbenem Rand. Autor: José Luis Bazán

<p>Material: Leder</p>
<p>Abmessungen: 22 cm</p>
<p>Autor: José Luis Bazán</p>

<p>Material: Leder Abmessungen: 22 cm Autor: José Luis Bazán</p>

<!-- This site is optimized with the Yoast SEO plugin v23.6 - https://yoast.com/wordpress/plugins/seo/ -->
<title>Weiße Lederschale mit orangefarbenem Rand. Autor: José Luis Bazán - Arteartesania</title>
<meta name="robots" content="index, follow, max-snippet:-1, max-image-preview:large, max-video-preview:-1" />
<link rel="canonical" href="https://www.arteartesania.com/de/producto/cuenco-de-piel-blanco-con-borde-naranja-autor-jose-luis-bazan/" />
<meta property="og:locale" content="de_DE" />
<meta property="og:type" content="article" />
<meta property="og:title" content="Weiße Lederschale mit orangefarbenem Rand. Autor: José Luis Bazán - Arteartesania" />
<meta property="og:description" content="Material: Leder Abmessungen: 22 cm Autor: José Luis Bazán" />
<meta property="og:url" content="https://www.arteartesania.com/de/producto/cuenco-de-piel-blanco-con-borde-naranja-autor-jose-luis-bazan/" />
<meta property="og:site_name" content="Arteartesania" />
<meta property="article:modified_time" content="2025-09-30T14:21:54+00:00" />
<meta property="og:image" content="https://www.arteartesania.com/wp-content/uploads/2020/07/IMG_3448-scaled.jpeg" />
	<meta property="og:image:width" content="2560" />
	<meta property="og:image:height" content="2560" />
	<meta property="og:image:type" content="image/jpeg" />
<meta name="twitter:card" content="summary_large_image" />
<meta name="twitter:label1" content="Geschätzte Lesezeit" />
	<meta name="twitter:data1" content="1 Minute" />
<script type="application/ld+json" class="yoast-schema-graph">{"@context":"https://schema.org","@graph":[{"@type":"WebPage","@id":"https://www.arteartesania.com/de/producto/cuenco-de-piel-blanco-con-borde-naranja-autor-jose-luis-bazan/","url":"https://www.arteartesania.com/de/producto/cuenco-de-piel-blanco-con-borde-naranja-autor-jose-luis-bazan/","name":"Weiße Lederschale mit orangefarbenem Rand. Autor: José Luis Bazán - Arteartesania","isPartOf":{"@id":"https://www.arteartesania.com/de/#website"},"primaryImageOfPage":{"@id":"https://www.arteartesania.com/de/producto/cuenco-de-piel-blanco-con-borde-naranja-autor-jose-luis-bazan/#primaryimage"},"image":{"@id":"https://www.arteartesania.com/de/producto/cuenco-de-piel-blanco-con-borde-naranja-autor-jose-luis-bazan/#primaryimage"},"thumbnailUrl":"https://www.arteartesania.com/wp-content/uploads/2020/07/IMG_3448-scaled.jpeg","datePublished":"2025-09-30T13:46:27+00:00","dateModified":"2025-09-30T14:21:54+00:00","breadcrumb":{"@id":"https://www.arteartesania.com/de/producto/cuenco-de-piel-blanco-con-borde-naranja-autor-jose-luis-bazan/#breadcrumb"},"inLanguage":"de","potentialAction":[{"@type":"ReadAction","target":["https://www.arteartesania.com/de/producto/cuenco-de-piel-blanco-con-borde-naranja-autor-jose-luis-bazan/"]}]},{"@type":"ImageObject","inLanguage":"de","@id":"https://www.arteartesania.com/de/producto/cuenco-de-piel-blanco-con-borde-naranja-autor-jose-luis-bazan/#primaryimage","url":"https://www.arteartesania.com/wp-content/uploads/2020/07/IMG_3448-scaled.jpeg","contentUrl":"https://www.arteartesania.com/wp-content/uploads/2020/07/IMG_3448-scaled.jpeg","width":2560,"height":2560,"caption":"CUENCOS CUERO PEPE"},{"@type":"BreadcrumbList","@id":"https://www.arteartesania.com/de/producto/cuenco-de-piel-blanco-con-borde-naranja-autor-jose-luis-bazan/#breadcrumb","itemListElement":[{"@type":"ListItem","position":1,"name":"Portada","item":"https://www.arteartesania.com/de/"},{"@type":"ListItem","position":2,"name":"Shop online","item":"https://www.arteartesania.com/de/online-bastelladen/"},{"@type":"ListItem","position":3,"name":"Weiße Lederschale mit orangefarbenem Rand. Autor: José Luis Bazán"}]},{"@type":"WebSite","@id":"https://www.arteartesania.com/de/#website","url":"https://www.arteartesania.com/de/","name":"Arteartesania","description":"Original selección de Artesanía Contemporánea de Autor","publisher":{"@id":"https://www.arteartesania.com/de/#organization"},"potentialAction":[{"@type":"SearchAction","target":{"@type":"EntryPoint","urlTemplate":"https://www.arteartesania.com/de/?s={search_term_string}"},"query-input":{"@type":"PropertyValueSpecification","valueRequired":true,"valueName":"search_term_string"}}],"inLanguage":"de"},{"@type":"Organization","@id":"https://www.arteartesania.com/de/#organization","name":"Arteartesania","url":"https://www.arteartesania.com/de/","logo":{"@type":"ImageObject","inLanguage":"de","@id":"https://www.arteartesania.com/de/#/schema/logo/image/","url":"https://www.arteartesania.com/wp-content/uploads/2019/12/cropped-logofooter.png","contentUrl":"https://www.arteartesania.com/wp-content/uploads/2019/12/cropped-logofooter.png","width":539,"height":58,"caption":"Arteartesania"},"image":{"@id":"https://www.arteartesania.com/de/#/schema/logo/image/"}}]}</script>
<!-- / Yoast SEO plugin. -->

Weiße Lederschale mit orangefarbenem Rand. Autor: José Luis Bazán - Arteartesania

Material: Leder Abmessungen: 22 cm Autor: José Luis Bazán

Original selección de Artesanía Contemporánea de Autor
