{"id":14195,"date":"2022-08-25T12:04:16","date_gmt":"2022-08-22T13:02:19","guid":{"rendered":"https:\/\/www.arteartesania.com\/?post_type=product&#038;p=14195"},"modified":"2024-10-11T12:22:15","modified_gmt":"2024-10-11T10:22:15","slug":"myotragus-mini-schaedelring","status":"publish","type":"product","link":"https:\/\/www.arteartesania.com\/de\/producto\/myotragus-mini-schaedelring\/","title":{"rendered":"Myotragus Balearicus Mini-Sch\u00e4delring"},"content":{"rendered":"<p>Die Myotragus Balearicus-Sammlung basiert auf den Studien von William H. Waldren \u00fcber die Entdeckung dieser Art, einer auf Mallorca heimischen Ziegenart.<\/p>\n","protected":false},"excerpt":{"rendered":"<p>TEIL: Myotragus Balearicus Mini-Sch\u00e4delring<\/p>\n<p>SCH\u00c4DELMESSUNG: 1 cm<\/p>\n<p>AUTOR: Carlos Tellechea<\/p>\n<p>JAHR: 2023<\/p>\n","protected":false},"featured_media":14201,"comment_status":"closed","ping_status":"closed","template":"","meta":{"_acf_changed":false,"inline_featured_image":false},"product_cat":[218,214,244,243],"product_tag":[],"class_list":{"0":"post-14195","1":"product","2":"type-product","3":"status-publish","4":"has-post-thumbnail","6":"product_cat-carlos-tellechea-de","7":"product_cat-kuenstler","8":"product_cat-ringe","9":"product_cat-schmuck","11":"first","12":"instock","13":"shipping-taxable","14":"purchasable","15":"product-type-variable"},"acf":[],"yoast_head":"<!-- This site is optimized with the Yoast SEO plugin v23.6 - https:\/\/yoast.com\/wordpress\/plugins\/seo\/ -->\n<title>Myotragus Balearicus Mini-Sch\u00e4delring - Arteartesania<\/title>\n<meta name=\"robots\" content=\"index, follow, max-snippet:-1, max-image-preview:large, max-video-preview:-1\" \/>\n<link rel=\"canonical\" href=\"https:\/\/www.arteartesania.com\/de\/producto\/myotragus-mini-schaedelring\/\" \/>\n<meta property=\"og:locale\" content=\"de_DE\" \/>\n<meta property=\"og:type\" content=\"article\" \/>\n<meta property=\"og:title\" content=\"Myotragus Balearicus Mini-Sch\u00e4delring - Arteartesania\" \/>\n<meta property=\"og:description\" content=\"TEIL: Myotragus Balearicus Mini-Sch\u00e4delring  SCH\u00c4DELMESSUNG: 1 cm  AUTOR: Carlos Tellechea  JAHR: 2023\" \/>\n<meta property=\"og:url\" content=\"https:\/\/www.arteartesania.com\/de\/producto\/myotragus-mini-schaedelring\/\" \/>\n<meta property=\"og:site_name\" content=\"Arteartesania\" \/>\n<meta property=\"article:modified_time\" content=\"2024-10-11T10:22:15+00:00\" \/>\n<meta property=\"og:image\" content=\"https:\/\/www.arteartesania.com\/wp-content\/uploads\/2022\/08\/IMG_9185-scaled.jpeg\" \/>\n\t<meta property=\"og:image:width\" content=\"1920\" \/>\n\t<meta property=\"og:image:height\" content=\"2560\" \/>\n\t<meta property=\"og:image:type\" content=\"image\/jpeg\" \/>\n<meta name=\"twitter:card\" content=\"summary_large_image\" \/>\n<meta name=\"twitter:label1\" content=\"Gesch\u00e4tzte Lesezeit\" \/>\n\t<meta name=\"twitter:data1\" content=\"1\u00a0Minute\" \/>\n<script type=\"application\/ld+json\" class=\"yoast-schema-graph\">{\"@context\":\"https:\/\/schema.org\",\"@graph\":[{\"@type\":\"WebPage\",\"@id\":\"https:\/\/www.arteartesania.com\/de\/producto\/myotragus-mini-schaedelring\/\",\"url\":\"https:\/\/www.arteartesania.com\/de\/producto\/myotragus-mini-schaedelring\/\",\"name\":\"Myotragus Balearicus Mini-Sch\u00e4delring - Arteartesania\",\"isPartOf\":{\"@id\":\"https:\/\/www.arteartesania.com\/de\/#website\"},\"primaryImageOfPage\":{\"@id\":\"https:\/\/www.arteartesania.com\/de\/producto\/myotragus-mini-schaedelring\/#primaryimage\"},\"image\":{\"@id\":\"https:\/\/www.arteartesania.com\/de\/producto\/myotragus-mini-schaedelring\/#primaryimage\"},\"thumbnailUrl\":\"https:\/\/www.arteartesania.com\/wp-content\/uploads\/2022\/08\/IMG_9185-scaled.jpeg\",\"datePublished\":\"2022-08-22T13:02:19+00:00\",\"dateModified\":\"2024-10-11T10:22:15+00:00\",\"breadcrumb\":{\"@id\":\"https:\/\/www.arteartesania.com\/de\/producto\/myotragus-mini-schaedelring\/#breadcrumb\"},\"inLanguage\":\"de\",\"potentialAction\":[{\"@type\":\"ReadAction\",\"target\":[\"https:\/\/www.arteartesania.com\/de\/producto\/myotragus-mini-schaedelring\/\"]}]},{\"@type\":\"ImageObject\",\"inLanguage\":\"de\",\"@id\":\"https:\/\/www.arteartesania.com\/de\/producto\/myotragus-mini-schaedelring\/#primaryimage\",\"url\":\"https:\/\/www.arteartesania.com\/wp-content\/uploads\/2022\/08\/IMG_9185-scaled.jpeg\",\"contentUrl\":\"https:\/\/www.arteartesania.com\/wp-content\/uploads\/2022\/08\/IMG_9185-scaled.jpeg\",\"width\":1920,\"height\":2560},{\"@type\":\"BreadcrumbList\",\"@id\":\"https:\/\/www.arteartesania.com\/de\/producto\/myotragus-mini-schaedelring\/#breadcrumb\",\"itemListElement\":[{\"@type\":\"ListItem\",\"position\":1,\"name\":\"Portada\",\"item\":\"https:\/\/www.arteartesania.com\/de\/\"},{\"@type\":\"ListItem\",\"position\":2,\"name\":\"Shop online\",\"item\":\"https:\/\/www.arteartesania.com\/de\/online-bastelladen\/\"},{\"@type\":\"ListItem\",\"position\":3,\"name\":\"Myotragus Balearicus Mini-Sch\u00e4delring\"}]},{\"@type\":\"WebSite\",\"@id\":\"https:\/\/www.arteartesania.com\/de\/#website\",\"url\":\"https:\/\/www.arteartesania.com\/de\/\",\"name\":\"Arteartesania\",\"description\":\"Original selecci\u00f3n de Artesan\u00eda Contempor\u00e1nea de Autor\",\"publisher\":{\"@id\":\"https:\/\/www.arteartesania.com\/de\/#organization\"},\"potentialAction\":[{\"@type\":\"SearchAction\",\"target\":{\"@type\":\"EntryPoint\",\"urlTemplate\":\"https:\/\/www.arteartesania.com\/de\/?s={search_term_string}\"},\"query-input\":{\"@type\":\"PropertyValueSpecification\",\"valueRequired\":true,\"valueName\":\"search_term_string\"}}],\"inLanguage\":\"de\"},{\"@type\":\"Organization\",\"@id\":\"https:\/\/www.arteartesania.com\/de\/#organization\",\"name\":\"Arteartesania\",\"url\":\"https:\/\/www.arteartesania.com\/de\/\",\"logo\":{\"@type\":\"ImageObject\",\"inLanguage\":\"de\",\"@id\":\"https:\/\/www.arteartesania.com\/de\/#\/schema\/logo\/image\/\",\"url\":\"https:\/\/www.arteartesania.com\/wp-content\/uploads\/2019\/12\/cropped-logofooter.png\",\"contentUrl\":\"https:\/\/www.arteartesania.com\/wp-content\/uploads\/2019\/12\/cropped-logofooter.png\",\"width\":539,\"height\":58,\"caption\":\"Arteartesania\"},\"image\":{\"@id\":\"https:\/\/www.arteartesania.com\/de\/#\/schema\/logo\/image\/\"}}]}<\/script>\n<!-- \/ Yoast SEO plugin. -->","yoast_head_json":{"title":"Myotragus Balearicus Mini-Sch\u00e4delring - Arteartesania","robots":{"index":"index","follow":"follow","max-snippet":"max-snippet:-1","max-image-preview":"max-image-preview:large","max-video-preview":"max-video-preview:-1"},"canonical":"https:\/\/www.arteartesania.com\/de\/producto\/myotragus-mini-schaedelring\/","og_locale":"de_DE","og_type":"article","og_title":"Myotragus Balearicus Mini-Sch\u00e4delring - Arteartesania","og_description":"TEIL: Myotragus Balearicus Mini-Sch\u00e4delring  SCH\u00c4DELMESSUNG: 1 cm  AUTOR: Carlos Tellechea  JAHR: 2023","og_url":"https:\/\/www.arteartesania.com\/de\/producto\/myotragus-mini-schaedelring\/","og_site_name":"Arteartesania","article_modified_time":"2024-10-11T10:22:15+00:00","og_image":[{"width":1920,"height":2560,"url":"https:\/\/www.arteartesania.com\/wp-content\/uploads\/2022\/08\/IMG_9185-scaled.jpeg","type":"image\/jpeg"}],"twitter_card":"summary_large_image","twitter_misc":{"Gesch\u00e4tzte Lesezeit":"1\u00a0Minute"},"schema":{"@context":"https:\/\/schema.org","@graph":[{"@type":"WebPage","@id":"https:\/\/www.arteartesania.com\/de\/producto\/myotragus-mini-schaedelring\/","url":"https:\/\/www.arteartesania.com\/de\/producto\/myotragus-mini-schaedelring\/","name":"Myotragus Balearicus Mini-Sch\u00e4delring - Arteartesania","isPartOf":{"@id":"https:\/\/www.arteartesania.com\/de\/#website"},"primaryImageOfPage":{"@id":"https:\/\/www.arteartesania.com\/de\/producto\/myotragus-mini-schaedelring\/#primaryimage"},"image":{"@id":"https:\/\/www.arteartesania.com\/de\/producto\/myotragus-mini-schaedelring\/#primaryimage"},"thumbnailUrl":"https:\/\/www.arteartesania.com\/wp-content\/uploads\/2022\/08\/IMG_9185-scaled.jpeg","datePublished":"2022-08-22T13:02:19+00:00","dateModified":"2024-10-11T10:22:15+00:00","breadcrumb":{"@id":"https:\/\/www.arteartesania.com\/de\/producto\/myotragus-mini-schaedelring\/#breadcrumb"},"inLanguage":"de","potentialAction":[{"@type":"ReadAction","target":["https:\/\/www.arteartesania.com\/de\/producto\/myotragus-mini-schaedelring\/"]}]},{"@type":"ImageObject","inLanguage":"de","@id":"https:\/\/www.arteartesania.com\/de\/producto\/myotragus-mini-schaedelring\/#primaryimage","url":"https:\/\/www.arteartesania.com\/wp-content\/uploads\/2022\/08\/IMG_9185-scaled.jpeg","contentUrl":"https:\/\/www.arteartesania.com\/wp-content\/uploads\/2022\/08\/IMG_9185-scaled.jpeg","width":1920,"height":2560},{"@type":"BreadcrumbList","@id":"https:\/\/www.arteartesania.com\/de\/producto\/myotragus-mini-schaedelring\/#breadcrumb","itemListElement":[{"@type":"ListItem","position":1,"name":"Portada","item":"https:\/\/www.arteartesania.com\/de\/"},{"@type":"ListItem","position":2,"name":"Shop online","item":"https:\/\/www.arteartesania.com\/de\/online-bastelladen\/"},{"@type":"ListItem","position":3,"name":"Myotragus Balearicus Mini-Sch\u00e4delring"}]},{"@type":"WebSite","@id":"https:\/\/www.arteartesania.com\/de\/#website","url":"https:\/\/www.arteartesania.com\/de\/","name":"Arteartesania","description":"Original selecci\u00f3n de Artesan\u00eda Contempor\u00e1nea de Autor","publisher":{"@id":"https:\/\/www.arteartesania.com\/de\/#organization"},"potentialAction":[{"@type":"SearchAction","target":{"@type":"EntryPoint","urlTemplate":"https:\/\/www.arteartesania.com\/de\/?s={search_term_string}"},"query-input":{"@type":"PropertyValueSpecification","valueRequired":true,"valueName":"search_term_string"}}],"inLanguage":"de"},{"@type":"Organization","@id":"https:\/\/www.arteartesania.com\/de\/#organization","name":"Arteartesania","url":"https:\/\/www.arteartesania.com\/de\/","logo":{"@type":"ImageObject","inLanguage":"de","@id":"https:\/\/www.arteartesania.com\/de\/#\/schema\/logo\/image\/","url":"https:\/\/www.arteartesania.com\/wp-content\/uploads\/2019\/12\/cropped-logofooter.png","contentUrl":"https:\/\/www.arteartesania.com\/wp-content\/uploads\/2019\/12\/cropped-logofooter.png","width":539,"height":58,"caption":"Arteartesania"},"image":{"@id":"https:\/\/www.arteartesania.com\/de\/#\/schema\/logo\/image\/"}}]}},"_links":{"self":[{"href":"https:\/\/www.arteartesania.com\/de\/wp-json\/wp\/v2\/product\/14195"}],"collection":[{"href":"https:\/\/www.arteartesania.com\/de\/wp-json\/wp\/v2\/product"}],"about":[{"href":"https:\/\/www.arteartesania.com\/de\/wp-json\/wp\/v2\/types\/product"}],"replies":[{"embeddable":true,"href":"https:\/\/www.arteartesania.com\/de\/wp-json\/wp\/v2\/comments?post=14195"}],"wp:featuredmedia":[{"embeddable":true,"href":"https:\/\/www.arteartesania.com\/de\/wp-json\/wp\/v2\/media\/14201"}],"wp:attachment":[{"href":"https:\/\/www.arteartesania.com\/de\/wp-json\/wp\/v2\/media?parent=14195"}],"wp:term":[{"taxonomy":"product_cat","embeddable":true,"href":"https:\/\/www.arteartesania.com\/de\/wp-json\/wp\/v2\/product_cat?post=14195"},{"taxonomy":"product_tag","embeddable":true,"href":"https:\/\/www.arteartesania.com\/de\/wp-json\/wp\/v2\/product_tag?post=14195"}],"curies":[{"name":"wp","href":"https:\/\/api.w.org\/{rel}","templated":true}]}}

Myotragus Balearicus Mini-Schädelring

<p>Die Myotragus Balearicus-Sammlung basiert auf den Studien von William H. Waldren über die Entdeckung dieser Art, einer auf Mallorca heimischen Ziegenart.</p>

<p>TEIL: Myotragus Balearicus Mini-Schädelring</p>
<p>SCHÄDELMESSUNG: 1 cm</p>
<p>AUTOR: Carlos Tellechea</p>
<p>JAHR: 2023</p>

<!-- This site is optimized with the Yoast SEO plugin v23.6 - https://yoast.com/wordpress/plugins/seo/ -->
<title>Myotragus Balearicus Mini-Schädelring - Arteartesania</title>
<meta name="robots" content="index, follow, max-snippet:-1, max-image-preview:large, max-video-preview:-1" />
<link rel="canonical" href="https://www.arteartesania.com/de/producto/myotragus-mini-schaedelring/" />
<meta property="og:locale" content="de_DE" />
<meta property="og:type" content="article" />
<meta property="og:title" content="Myotragus Balearicus Mini-Schädelring - Arteartesania" />
<meta property="og:description" content="TEIL: Myotragus Balearicus Mini-Schädelring  SCHÄDELMESSUNG: 1 cm  AUTOR: Carlos Tellechea  JAHR: 2023" />
<meta property="og:url" content="https://www.arteartesania.com/de/producto/myotragus-mini-schaedelring/" />
<meta property="og:site_name" content="Arteartesania" />
<meta property="article:modified_time" content="2024-10-11T10:22:15+00:00" />
<meta property="og:image" content="https://www.arteartesania.com/wp-content/uploads/2022/08/IMG_9185-scaled.jpeg" />
	<meta property="og:image:width" content="1920" />
	<meta property="og:image:height" content="2560" />
	<meta property="og:image:type" content="image/jpeg" />
<meta name="twitter:card" content="summary_large_image" />
<meta name="twitter:label1" content="Geschätzte Lesezeit" />
	<meta name="twitter:data1" content="1 Minute" />
<script type="application/ld+json" class="yoast-schema-graph">{"@context":"https://schema.org","@graph":[{"@type":"WebPage","@id":"https://www.arteartesania.com/de/producto/myotragus-mini-schaedelring/","url":"https://www.arteartesania.com/de/producto/myotragus-mini-schaedelring/","name":"Myotragus Balearicus Mini-Schädelring - Arteartesania","isPartOf":{"@id":"https://www.arteartesania.com/de/#website"},"primaryImageOfPage":{"@id":"https://www.arteartesania.com/de/producto/myotragus-mini-schaedelring/#primaryimage"},"image":{"@id":"https://www.arteartesania.com/de/producto/myotragus-mini-schaedelring/#primaryimage"},"thumbnailUrl":"https://www.arteartesania.com/wp-content/uploads/2022/08/IMG_9185-scaled.jpeg","datePublished":"2022-08-22T13:02:19+00:00","dateModified":"2024-10-11T10:22:15+00:00","breadcrumb":{"@id":"https://www.arteartesania.com/de/producto/myotragus-mini-schaedelring/#breadcrumb"},"inLanguage":"de","potentialAction":[{"@type":"ReadAction","target":["https://www.arteartesania.com/de/producto/myotragus-mini-schaedelring/"]}]},{"@type":"ImageObject","inLanguage":"de","@id":"https://www.arteartesania.com/de/producto/myotragus-mini-schaedelring/#primaryimage","url":"https://www.arteartesania.com/wp-content/uploads/2022/08/IMG_9185-scaled.jpeg","contentUrl":"https://www.arteartesania.com/wp-content/uploads/2022/08/IMG_9185-scaled.jpeg","width":1920,"height":2560},{"@type":"BreadcrumbList","@id":"https://www.arteartesania.com/de/producto/myotragus-mini-schaedelring/#breadcrumb","itemListElement":[{"@type":"ListItem","position":1,"name":"Portada","item":"https://www.arteartesania.com/de/"},{"@type":"ListItem","position":2,"name":"Shop online","item":"https://www.arteartesania.com/de/online-bastelladen/"},{"@type":"ListItem","position":3,"name":"Myotragus Balearicus Mini-Schädelring"}]},{"@type":"WebSite","@id":"https://www.arteartesania.com/de/#website","url":"https://www.arteartesania.com/de/","name":"Arteartesania","description":"Original selección de Artesanía Contemporánea de Autor","publisher":{"@id":"https://www.arteartesania.com/de/#organization"},"potentialAction":[{"@type":"SearchAction","target":{"@type":"EntryPoint","urlTemplate":"https://www.arteartesania.com/de/?s={search_term_string}"},"query-input":{"@type":"PropertyValueSpecification","valueRequired":true,"valueName":"search_term_string"}}],"inLanguage":"de"},{"@type":"Organization","@id":"https://www.arteartesania.com/de/#organization","name":"Arteartesania","url":"https://www.arteartesania.com/de/","logo":{"@type":"ImageObject","inLanguage":"de","@id":"https://www.arteartesania.com/de/#/schema/logo/image/","url":"https://www.arteartesania.com/wp-content/uploads/2019/12/cropped-logofooter.png","contentUrl":"https://www.arteartesania.com/wp-content/uploads/2019/12/cropped-logofooter.png","width":539,"height":58,"caption":"Arteartesania"},"image":{"@id":"https://www.arteartesania.com/de/#/schema/logo/image/"}}]}</script>
<!-- / Yoast SEO plugin. -->

Myotragus Balearicus Mini-Schädelring - Arteartesania

TEIL: Myotragus Balearicus Mini-Schädelring  SCHÄDELMESSUNG: 1 cm  AUTOR: Carlos Tellechea  JAHR: 2023

Original selección de Artesanía Contemporánea de Autor
